8 a multiple of 24?
True
Is 39144 a multiple of 52?
False
Is 180 a factor of 1800?
True
Is 65 a factor of 12805?
True
Does 8 divide 11291?
False
Does 23 divide 13303?
False
Does 136 divide 17480?
False
Is 570 a multiple of 6?
True
Is 72 a multiple of 6?
True
Is 135256 a multiple of 319?
True
Is 18 a factor of 3106?
False
Is 6470 a multiple of 10?
True
Does 39 divide 4330?
False
Is 35 a factor of 260?
False
Is 2117 a multiple of 31?
False
Is 782 a multiple of 34?
True
Is 2550 a multiple of 25?
True
Is 44 a factor of 1100?
True
Is 1354 a multiple of 61?
False
Does 134 divide 29882?
True
Is 10115 a multiple of 17?
True
Is 3 a factor of 17483?
False
Does 15 divide 71565?
True
Is 22019 a multiple of 97?
True
Does 5 divide 1312?
False
Is 3101 a multiple of 43?
False
Does 90 divide 2399?
False
Is 87 a multiple of 9?
False
Is 432 a multiple of 24?
True
Does 17 divide 9418?
True
Is 2834 a multiple of 75?
False
Is 148 a multiple of 32?
False
Does 3 divide 23?
False
Is 55 a factor of 3575?
True
Is 3 a factor of 222?
True
Is 74 a factor of 5781?
False
Does 194 divide 62840?
False
Does 32 divide 1497?
False
Does 6 divide 32?
False
Does 4 divide 124?
True
Is 15 a factor of 12886?
False
Does 29 divide 3712?
True
Does 17 divide 24526?
False
Is 2692 a multiple of 39?
False
Does 18 divide 665?
False
Is 138638 a multiple of 11?
False
Is 147 a factor of 23045?
False
Is 43977 a multiple of 16?
False
Does 29 divide 19432?
False
Is 15 a factor of 75?
True
Is 9 a factor of 522?
True
Is 10 a factor of 407?
False
Is 15 a factor of 290?
False
Is 12 a factor of 23693?
False
Does 31 divide 1854?
False
Is 111 a multiple of 7?
False
Is 94 a factor of 42300?
True
Is 35 a factor of 49962?
False
Does 38 divide 5168?
True
Does 53 divide 1643?
True
Is 466 a multiple of 10?
False
Is 488 a multiple of 8?
True
Is 442 a multiple of 26?
True
Is 22 a factor of 908?
False
Does 9 divide 62?
False
Is 54 a factor of 17056?
False
Is 2860 a multiple of 13?
True
Is 980 a multiple of 9?
False
Does 25 divide 488?
False
Does 9 divide 1893?
False
Is 81 a factor of 16574?
False
Is 26 a factor of 3562?
True
Is 364 a multiple of 13?
True
Is 154 a factor of 50666?
True
Is 127833 a multiple of 18?
False
Does 8 divide 2147?
False
Is 2627 a multiple of 37?
True
Does 59 divide 10133?
False
Does 16 divide 1504?
True
Is 41 a factor of 5822?
True
Does 25 divide 31525?
True
Is 2562 a multiple of 14?
True
Does 4 divide 5844?
True
Is 25733 a multiple of 239?
False
Is 32 a factor of 2144?
True
Is 3432 a multiple of 12?
True
Is 14025 a multiple of 17?
True
Is 451 a multiple of 11?
True
Is 250 a factor of 25000?
True
Does 20 divide 680?
True
Is 2 a factor of 123?
False
Is 38152 a multiple of 7?
False
Is 126 a factor of 78708?
False
Is 15078 a multiple of 14?
True
Is 6475 a multiple of 5?
True
Does 10 divide 2940?
True
Does 37 divide 1879?
False
Is 61 a factor of 1037?
True
Is 66 a factor of 3591?
False
Is 2797 a multiple of 103?
False
Is 389 a multiple of 5?
False
Is 2 a factor of 378?
True
Does 13 divide 1066?
True
Is 170 a factor of 7905?
False
Is 2846 a multiple of 26?
False
Does 6 divide 13219?
False
Is 129 a multiple of 103?
False
Does 68 divide 1821?
False
Does 34 divide 12444?
True
Is 1012 a multiple of 26?
False
Is 48 a factor of 3936?
True
Does 12 divide 70956?
True
Does 4 divide 560?
True
Does 79 divide 47189?
False
Is 228 a multiple of 3?
True
Is 11 a multiple of 11?
True
Is 72 a factor of 1223?
False
Is 6361 a multiple of 15?
False
Does 9 divide 36?
True
Is 10 a factor of 18398?
False
Does 3 divide 9023?
False
Is 130 a factor of 22750?
True
Is 2250 a multiple of 75?
True
Is 7 a factor of 8473?
False
Does 92 divide 1234?
False
Is 9 a factor of 101161?
False
Is 28 a factor of 29260?
True
Does 49 divide 1001?
False
Is 17 a factor of 42584?
False
Is 10 a factor of 30151?
False
Is 93 a factor of 550?
False
Is 342 a factor of 7502?
False
Does 11 divide 106662?
False
Does 252 divide 18676?
False
Is 8 a factor of 7856?
True
Does 9 divide 119?
False
Is 11 a factor of 28620?
False
Is 176 a factor of 17989?
False
Is 17 a factor of 7837?
True
Does 20 divide 700?
True
Is 2510 a multiple of 5?
True
Does 4 divide 80?
True
Is 750 a multiple of 25?
True
Is 35 a factor of 1345?
False
Is 22660 a multiple of 55?
True
Is 6345 a multiple of 47?
True
Is 38 a factor of 646?
True
Is 20 a factor of 2303?
False
Does 15 divide 122424?
False
Is 3 a factor of 2403?
True
Is 14276 a multiple of 172?
True
Is 3082 a multiple of 134?
True
Does 19 divide 2574?
False
Is 1665 a multiple of 15?
True
Is 10359 a multiple of 49?
False
Does 2 divide 56?
True
Does 15 divide 290?
False
Is 928 a multiple of 42?
False
Is 6 a factor of 43367?
False
Is 87754 a multiple of 13?
False
Is 162 a factor of 23765?
False
Is 3792 a multiple of 56?
False
Is 99 a factor of 31086?
True
Is 21013 a multiple of 129?
False
Is 6 a factor of 6910?
False
Does 16 divide 26515?
False
Is 210 a multiple of 6?
True
Is 1632 a multiple of 181?
False
Does 36 divide 524?
False
Is 6 a factor of 199?
False
Does 57 divide 456?
True
Is 6 a factor of 2098?
False
Is 19345 a multiple of 265?
True
Does 204 divide 9996?
True
Does 2 divide 724?
True
Does 148 divide 3688?
False
Does 20 divide 3080?
True
Is 2593 a multiple of 15?
False
Is 3 a factor of 774?
True
Is 19 a factor of 11875?
True
Is 5472 a multiple of 4?
True
Does 8 divide 188?
False
Does 5 divide 142?
False
Is 2 a factor of 175?
False
Does 13 divide 3944?
False
Is 15 a factor of 196?
False
Is 53 a factor of 477?
True
Is 4601 a multiple of 12?
False
Does 67 divide 7811?
False
Is 5 a factor of 335?
True
Is 2 a factor of 122?
True
Is 23874 a multiple of 23?
True
Does 41 divide 7503?
True
Is 38 a factor of 152?
True
Is 16 a factor of 896?
True
Does 2 divide 49?
False
Is 2031 a multiple of 92?
False
Does 61 divide 4514?
True
Is 391 a multiple of 9?
False
Is 53 a factor of 1807?
False
Is 2700 a multiple of 25?
True
Does 5 divide 410?
True
Is 338 a multiple of 13?
True
Does 5 divide 3999?
False
Is 4212 a multiple of 13?
True
Is 868 a multiple of 28?
True
Is 816 a multiple of 16?
True
Is 624 a multiple of 13?
True
Is 443 a multiple of 8?
False
Is 364 a multiple of 6?
False
Is 111 a multiple of 4?
False
Does 103 divide 1339?
True
Is 217 a factor of 18305?
False
Is 767 a multiple of 4?
False
Does 91 divide 3185?
True
Does 12 divide 955?
False
Does 131 divide 16637?
True
Is 17 a factor of 179?
False
Is 183920 a multiple of 380?
True
Is 78 a factor of 9438?
True
Does 49 divide 5475?
False
Is 479 a multiple of 29?
False
Does 24 divide 5775?
False
Does 217 divide 32671?
False
Is 24 a factor of 184?
False
Is 503 a multiple of 33?
False
Does 17 divide 5492?
False
Is 112 a factor of 8244?
False
Is 1206 a multiple of 67?
True
Is 396 a multiple of 18?
True
Is 19437 a multiple of 31?
True
Is 539 a multiple of 5?
False
Is 43 a factor of 1591?
True
Is 2556 a multiple of 42?
False
Is 437 a multiple of 19?
True
Is 8940 a multiple of 76?
False
Does 44 divide 25080?
True
Is 63 a multiple of 9?
True
Is 245 a factor of 12985?
True
Is 396 a multiple of 15?
False
Is 1222 a multiple of 94?
True
Is 1395 a multiple of 7?
False
Is 766 a multiple of 19?
False
Is 1811 a multiple of 115?
False
Is 69 a multiple of 19?
False
Does 49 divide 8428?
True
Does 19 divide 97755?
True
Is 35 a factor of 1122?
False
Does 30 divide 474?
False
Is 5838 a multiple of 11?
False
Does 44 divide 4278?
False
Is 42 a factor of 924?
True
Is 7 a factor of 91?
True
Does 3 divide 26520?
True
Is 2719 a multiple of 107?
False
Is 23600 a multiple of 4?
True
Is 1845 a multiple of 38?
False
Is 788 a multiple of 12?
False
Is 2808 a multiple of 6?
True
Is 3200 a multiple of 64?
True
Is 56 a factor of 840?
True
Does 7 divide 5446?
True
Is 103 a factor of 3705?
False
Does 9 divide 4056?
False
Is 83 a factor of 1577?
True
Is 201 a factor of 13869?
True
Does 16 divide 897?
False
Is 2355 a multiple of 11?
False
Is 21 a factor of 112476?
True
Is 6695 a multiple of 155?
False
Is 60 a factor of 1683?
False
Does 8 divide 15524?
False
Is 24806 a multiple of 13?
False
Does 4 divide 116?
True
Does 47 divide 1645?
True
Does 81 divide 972?
True
Is 21 a factor of 71421?
True
Is 14 a factor of 966?
True
Is 134239 a multiple of 233?
False
Does 28 divide 5457?
False
Is 191 a factor of 7831?
True
Is 3146 a 